.
137
What is the greatest common divisor of 2107 and 559?
43
Calculate the highest common factor of 35 and 42.
7
What is the highest common divisor of 252 and 20?
4
What is the highest common factor of 15 and 3?
3
Calculate the highest common divisor of 3064 and 8.
8
What is the highest common divisor of 880 and 2000?
80
Calculate the highest common divisor of 190 and 304.
38
What is the greatest common divisor of 954 and 774?
18
Calculate the highest common factor of 78 and 2119.
13
Calculate the highest common factor of 1417 and 218.
109
What is the greatest common divisor of 42 and 903?
21
Calculate the highest common factor of 231 and 77.
77
Calculate the highest common divisor of 11665 and 5.
5
What is the greatest common factor of 294 and 12?
6
Calculate the greatest common divisor of 414 and 27.
9
What is the greatest common factor of 2024 and 440?
88
Calculate the highest common divisor of 550 and 2125.
25
What is the highest common divisor of 4897 and 249?
83
Calculate the greatest common factor of 22 and 154.
22
Calculate the highest common divisor of 771 and 54.
3
What is the highest common divisor of 14154 and 294?
42
Calculate the greatest common divisor of 28 and 91.
7
What is the highest common divisor of 3280 and 120?
40
What is the highest common divisor of 736 and 322?
46
What is the highest common factor of 464 and 16?
16
Calculate the greatest common divisor of 126 and 3654.
126
Calculate the highest common divisor of 84 and 126.
42
Calculate the highest common factor of 4862 and 104.
26
Calculate the greatest common factor of 165 and 105.
15
What is the highest common divisor of 54663 and 399?
399
Calculate the greatest common divisor of 3 and 10092.
3
Calculate the greatest common divisor of 44 and 2684.
44
What is the highest common divisor of 610 and 20?
10
What is the greatest common factor of 33 and 176?
11
Calculate the highest common factor of 18 and 4.
2
Calculate the highest common factor of 2282 and 70.
14
Calculate the greatest common divisor of 10777 and 13.
13
What is the highest common divisor of 42 and 413?
7
What is the greatest common divisor of 10509 and 651?
93
What is the highest common divisor of 28 and 658?
14
What is the greatest common factor of 18 and 81846?
18
What is the greatest common factor of 44 and 1199?
11
Calculate the highest common divisor of 1505 and 7.
7
Calculate the highest common factor of 23 and 207.
23
Calculate the greatest common factor of 2924 and 43.
43
Calculate the highest common factor of 32 and 10832.
16
Calculate the greatest common factor of 36 and 81.
9
Calculate the highest common factor of 501 and 8183.
167
Calculate the highest common divisor of 1197 and 4123.
133
What is the highest common divisor of 54 and 81?
27
What is the highest common divisor of 144 and 18?
18
What is the greatest common factor of 192 and 200?
8
Calculate the highest common factor of 273 and 21.
21
What is the greatest common factor of 1998 and 54?
54
Calculate the greatest common factor of 520 and 2808.
104
What is the highest common divisor of 15 and 21?
3
What is the highest common divisor of 13 and 14742?
13
What is the highest common divisor of 26 and 3328?
26
Calculate the highest common divisor of 229 and 10763.
229
Calculate the greatest common divisor of 72 and 288.
72
What is the highest common factor of 186 and 42?
6
What is the highest common divisor of 3657 and 1272?
159
What is the greatest common factor of 1919 and 171?
19
What is the highest common factor of 116 and 2958?
58
Calculate the greatest common factor of 78 and 702.
78
Calculate the highest common divisor of 33 and 243.
3
Calculate the greatest common factor of 3 and 483.
3
What is the greatest common divisor of 11 and 3443?
11
Calculate the greatest common factor of 56264 and 104.
104
What is the highest common divisor of 12 and 294?
6
What is the greatest common factor of 528 and 154?
22
What is the highest common factor of 21 and 2688?
21
Calculate the highest common divisor of 858 and 2106.
78
What is the highest common factor of 1325 and 9540?
265
What is the highest common factor of 1890 and 175?
35
Calculate the highest common divisor of 5376 and 196.
28
Calculate the greatest common divisor of 567 and 28.
7
What is the highest common divisor of 279 and 372?
93
What is the highest common factor of 423 and 47?
47
Calculate the greatest common divisor of 1764 and 189.
63
What is the greatest common factor of 96 and 240?
48
What is the highest common divisor of 22 and 9691?
11
What is the greatest common divisor of 20 and 110?
10
Calculate the highest common divisor of 16 and 172.
4
What is the highest common factor of 1384 and 464?
8
What is the highest common factor of 64 and 80?
16
Calculate the highest common factor of 1320 and 1815.
165
What is the highest common factor of 399 and 1729?
133
What is the highest common factor of 18030 and 15?
15
Calculate the greatest common divisor of 3286 and 62.
62
Calculate the highest common divisor of 171 and 1311.
57
Calculate the greatest common divisor of 24 and 196.
4
What is the greatest common factor of 92 and 207?
23
What is the greatest common divisor of 6049 and 23?
23
Calculate the greatest common divisor of 72 and 56.
8
What is the highest common divisor of 234 and 182?
26
Calculate the highest common factor of 18 and 354.
6
Calculate the greatest common factor of 18 and 96.
6
Calculate the greatest common factor of 250 and 550.
50
Calculate the greatest common divisor of 6848 and 535.
107
What is the highest common factor of 6264 and 108?
108
What is the highest common divisor of 29 and 1160?
29
Calculate the greatest common divisor of 688 and 32.
16
What is the greatest common factor of 80 and 2110?
10
Calculate the highest common factor of 144 and 3888.
144
What is the greatest common factor of 41736 and 74?
74
Calculate the highest common divisor of 66 and 42.
6
Calculate the highest common factor of 31 and 2263.
31
Calculate the highest common divisor of 88 and 560.
8
Calculate the highest common factor of 57 and 285.
57
Calculate the greatest common divisor of 180 and 27.
9
What is the highest common divisor of 4631 and 11?
11
Calculate the highest common factor of 35 and 21.
7
What is the greatest common factor of 40 and 25?
5
Calculate the highest common factor of 45 and 2755.
5
Calculate the highest common divisor of 1981 and 287.
7
What is the greatest common factor of 40 and 180?
20
What is the highest common divisor of 324 and 135?
27
Calculate the highest common divisor of 1573 and 26.
13
Calculate the highest common divisor of 60 and 2595.
15
What is the greatest common divisor of 64 and 6848?
64
Calculate the highest common divisor of 1512 and 120.
24
Calculate the highest common divisor of 686 and 2548.
98
What is the highest common divisor of 2 and 866?
2
Calculate the highest common divisor of 386 and 2123.
193
Calculate the greatest common factor of 56 and 8428.
28
What is the highest common factor of 88 and 55?
11
Calculate the greatest common factor of 3080 and 56.
56
Calculate the highest common factor of 3 and 75.
3
Calculate the highest common factor of 92 and 24.
4
What is the greatest common factor of 65 and 2405?
65
Calculate the highest common factor of 30 and 582.
6
What is the greatest common factor of 72 and 2682?
18
Calculate the highest common factor of 26 and 1378.
26
Calculate the greatest common divisor of 4 and 2316.
4
What is the highest common factor of 31 and 1?
1
Calculate the highest common divisor of 4584 and 48.
24
What is the greatest common factor of 60 and 24?
12
What is the greatest common divisor of 200 and 200?
200
Calculate the greatest common factor of 1596 and 133.
133
What is the greatest common factor of 213 and 284?
71
Calculate the greatest common divisor of 4214 and 86.
86
Calculate the greatest common factor of 294 and 63.
21
What is the greatest common divisor of 3592 and 32?
8
Calculate the greatest common divisor of 54 and 297.
27
Calculate the highest common factor of 77 and 154847.
77
What is the greatest common divisor of 1 and 4264?
1
What is the highest common divisor of 7 and 9?
1
Calculate the greatest common factor of 6541 and 31.
31
What is the greatest common factor of 24 and 184?
8
W